pose -4*i = -5*y + 5897, 3*i - 9 + 3 = k. Is y a composite number?
False
Let p(i) = 33*i**2 + 21*i - 97. Is p(8) composite?
True
Let c(l) = -14*l**3 + 4*l**2 + 3*l - 4. Let y(h) = 28*h**3 - 9*h**2 - 7*h + 9. Let n(s) = -5*c(s) - 2*y(s). Is n(1) composite?
False
Suppose -w - 4*w = -3940. Let s = w + -201. Is s prime?
True
Suppose -1840*o = -1837*o - 3417. Is o composite?
True
Let p(l) = -26*l**2 + 2*l + 2. Let w be p(-2). Suppose 0 = 5*v + k - 824, 2 = 3*k + 5. Let z = v + w. Is z a prime number?
True
Let n be -5*24/(-10)*2. Is (-1419)/(-9) - 16/n a composite number?
False
Let t be (4/6 + 0)*6. Suppose 5*o - 3*o = -t. Is o/6 - (-7554)/9 a composite number?
False
Let m = -18807 + 43264. Is m prime?
False
Let n = -5 - -1. Let f be 30/(-3)*(-2)/n. Is (79/(-5))/(1/f) prime?
True
Let j(b) = -b**3 + 50*b**2 + 5*b + 51. Is j(47) a prime number?
False
Suppose 2*s + 0 = 2, 3*m - 2*s - 4381 = 0. Is 2/6*m + 0/(-2) prime?
True
Let x = -63 - -41. Let g = -22 + x. Is (11/g)/(2/(-184)) composite?
False
Suppose 4*n - 3*c - 2 = 7, 0 = -5*c + 5. Suppose -3*u + 2355 = -n*y, 2*u - 3889 = -3*u - 4*y. Is u prime?
False
Suppose -j - 4*x = 22, -7*j - 4*x = -3*j + 28. Let w be 30 + j/(8/12). Suppose -v - w = -3*v - z, -v + z = -15. Is v a prime number?
False
Let m(x) = 0*x**2 - 3 - 2*x**2 - 11*x + 5 + 3*x**2. Let k be m(11). Suppose 0 = 5*r, -5*a + k*r + 635 = -2*r. Is a prime?
True
Is (19/(-3)*-3)/(-2)*-202 prime?
False
Let a(p) = 31*p**2 + 97*p + 1. Is a(18) a composite number?
True
Let c = -1617 - -2729. Let a = c - 709. Is a prime?
False
Let y(g) = 12*g + 9. Let f be y(11). Suppose l + 3*l = -x - f, 0 = 3*x - 2*l + 479. Let k = x - -464. Is k a composite number?
False
Let x(l) = -5*l**3 - 4*l**2 + 22*l - 20. Is x(-7) a composite number?
True
Let s(d) = -d**2 - 13*d + 19. Let o be s(-14). Suppose 0 = -o*p + 16 + 4. Suppose -5*r + 77 - 223 = -p*w, r = -4*w + 158. Is w a composite number?
True
Let y be (45/3)/3*1. Let g = y - 2. Suppose -a + 34 = d - 4*d, -g*a = -5*d - 114. Is a prime?
True
Let c = -3701 - -14674. Is c a prime number?
True
Let j(u) = -13*u - 8. Let o be j(4). Let b be 5472/o - (-2)/10. Is 26/b + (-891)/(-7) a prime number?
True
Suppose 2*y + 300 = 2*q - 198, 5*y - q + 1245 = 0. Let r = y - -692. Is r a prime number?
True
Suppose -58 + 803 = -5*j. Let k = 242 - j. Is k a prime number?
False
Suppose 2*c = -3*c + 2145. Suppose 5*h + 2*a - c = 0, -4*h + 339 = 5*a - 2*a. Is h prime?
False
Let r = -9416 + 14199. Is r a composite number?
False
Let y = 98 - -2447. Suppose -v = -6*v + y. Suppose c - 1252 = -v. Is c composite?
False
Suppose 18*s = 10505 + 21481. Is s a composite number?
False
Let k be (-10)/(-4)*(-1 + 5). Let h = k - 10. Suppose 3*c - 2*i - 43 = h, -c + i + 9 + 6 = 0. Is c a composite number?
False
Let m(a) = -a + 6. Let i be m(9). Let g(f) = -32*f - 1. Is g(i) prime?
False
Let n(o) = o**3 + 7*o**2 + 8*o + 8. Let k be n(-6). Let u be -2*(0 - -1) - k. Suppose 7*i - 674 = 2*i - 3*l, 0 = -u*i + 5*l + 251. Is i composite?
True
Suppose -3*p = 2*d - 3*d - 94, p + d - 34 = 0. Suppose -7 = 5*n - p. Suppose 2*z + n*s + 0*s - 276 = 0, 5*z - 711 = -2*s. Is z a composite number?
True
Is (351 - (-17 + 29))/(3/29) a composite number?
True
Let p be 1 + 2201 + 2 + -1. Let i = -1350 + p. Is i prime?
True
Suppose 0 = 4*x - 12, -3*f + 1207 = -f - x. Suppose -j + 4*a = -0*j - 315, -3*a = -2*j + f. Is j a composite number?
True
Let r(y) = -422*y**3 + 3*y - 6. Is r(-3) a composite number?
True
Suppose -3*h - 10 = 2*h. Let i(b) = 2*b + 1. Let m be i(h). Is (-1084)/(-16) + m/4 composite?
False
Suppose n + 36 = -3*n. Is n/(-3) + 328/1 prime?
True
Is 39716/6 - (-22)/(-66) composite?
False
Suppose 0 = -476*l + 477*l - 31013. Is l prime?
True
Let g = 2282 + -1195. Is g a composite number?
False
Suppose -16*x + 93911 = -80537. Is x prime?
True
Let v = 1037 - -344. Is v a prime number?
True
Let l = 31 + -31. Suppose -5824 = -5*q - 2*j, l = -4*q - 0*j - 2*j + 4660. Suppose -5*u - 5 = 0, -q = -2*s - 4*u + 6*u. Is s a composite number?
True
Let m = -37 + 21. Let a(s) = s**2 + 7*s + 1. Is a(m) prime?
False
Let b = -140 - -327. Is b a prime number?
False
Is (-4645)/4*(-27 + 23) a prime number?
False
Is (7 + -3)*(-2)/((-48)/276798) composite?
False
Is (-274)/((-4)/382*1) composite?
True
Let i(q) be the second derivative of 7*q**3 + 47*q**2/2 - 2*q. Is i(15) a composite number?
False
Suppose -2*j + 337 = 5*d, 5*j = d + 13 - 75. Let o = d - -250. Is o a composite number?
False
Suppose -i - 2*v = -2, 0*v = 2*i - 2*v + 14. Is (-5825)/(-9) - i/(-18) a prime number?
True
Suppose -718 - 573 = -5*o + 2*c, -o + c = -257. Is o a prime number?
False
Suppose m = -4*x - 131, 0 = -4*x - 4*m + 53 - 193. Let l = 281 + x. Is l prime?
False
Suppose -m - h = 2*m - 2138, -m + 706 = -3*h. Suppose 196 + m = i - 4*o, -i - 2*o = -926. Suppose 0 = -2*a - 6*a + i. Is a composite?
True
Is ((-9906)/12)/(15/6 + -3) a prime number?
False
Let d(m) = -m**3 - 49*m**2 + 6*m + 241. Is d(-56) composite?
True
Is 6/((-24)/(-20)) + 55566/3 a prime number?
False
Let r = -1 - -4. Let k = 644 - 210. Suppose -r*f - k = -1601. Is f a prime number?
True
Suppose -2*z + 2 = -4. Suppose z*w - 7*w - 4*s + 1096 = 0, 3*w + 2*s = 826. Is w prime?
False
Let z = 19137 - 11638. Is z a composite number?
False
Let q = 102 - 170. Is 17*2/((-8)/q) prime?
False
Let n = -2 - 0. Let v be 214*n/(-4) - 2. Let w = -67 + v. Is w composite?
True
Suppose -x + 2*x + 8 = 0. Let w(g) be the second derivative of -g**5/20 - 2*g**4/3 - 11*g**3/6 + g**2/2 - 8*g. Is w(x) prime?
True
Let q be 4*1*8/(-16). Is q/5 - 1574/(-10) a composite number?
False
Let a(m) = -m + 3. Let k be a(-3). Let y be 88/k + 8/24. Is (-13035)/(-25) + (-6)/y prime?
True
Suppose 0 = 5*q - 176825 - 147080. Is q a composite number?
False
Let v(p) be the second derivative of 9*p**4/4 + 3*p**2/2 - 2*p. Let d be v(-4). Suppose -2*u + d = -329. Is u composite?
True
Let g = -357 - -824. Is g a prime number?
True
Suppose -m + t + 1763 = -1886, t = -m + 3649. Is m prime?
False
Suppose -26 = i - 490. Let f(y) = 520*y - 5. Let t be f(3). Suppose -3*c = -i - t. Is c composite?
False
Suppose -2296008 = -68*b + 2771284. Is b composite?
True
Let k be -3*(0 + (-200)/(-12)). Let r = k + 277. Suppose t - 4*q = 2*t - r, q - 1 = 0. Is t composite?
False
Suppose -2*c = -4*a - 5*c + 103487, 0 = 3*a + c - 77614. Is a a prime number?
False
Suppose -7457 = -4*i - 445. Suppose -3*q + 2865 + i = -b, 5*b - 1566 = -q. Is q prime?
False
Suppose 10986 = -2*u + 54160. Is u prime?
True
Suppose 8*j - 2*j = 28506. Is j a composite number?
False
Suppose -7500 + 2371 = -u. Is u a prime number?
False
Let v = -2792 - -7198. Is v prime?
False
Let c = -110 - -112. Let l(t) = 251*t. Is l(c) composite?
True
Suppose 3*q - 7*q = 5*o + 26, 4*o - 2*q = -26. Let a(b) = 2*b**3 + b**2 - 4*b + 11. Let c be a(o). Is 1*(c + 2)*-1 composite?
False
Let v(t) = 151*t - 22. Let m(u) = 152*u - 23. Let h(k) = -5*m(k) + 6*v(k). Is h(8) a composite number?
False
Suppose -5*f + 173 = -87. Suppose -4*b = -5*p - 1303, 2*b + 5*p - f = 607. Is b composite?
True
Let f(w) = w + 3. Let n be f(0). Suppose 0 = v + n*v - 1004. Is v composite?
False
Suppose -185*p + 606485 = -130*p. Is p a composite number?
False
Suppose -4*b - 16322 - 1429 = -3*p, 0 = -3*p - 2*b + 17751. Is p prime?
False
Suppose f - 6 = -1, 5*z = 4*f + 10. Let b be (8/16)/(1/z). Suppose 2*r + 74 = b*q, 2*q - 12 = -5*r + 12. Is q a composite number?
True
Suppose -5*h + 6*h - 3 = 0. Let c be (10 + -1)*1/h. Suppose 224 + 453 = a - 2*p, c*a - 5*p = 2035. Is a composite?
True
Let v = -915 + 1382. Let a be (-708)/((30/(-4))/5). Suppose -l + v = 4*h, l + 5*h = -0*h + a. Is l a composite number?
True
Let g be (0 + 16 - -2)/(-1). Let v be 892/5 - g/(-45). Suppose 3*m - 5*m = -v. Is m composite?
False
Suppose a + 75052 = 4*q - a, -3*q = -3*a - 56289. Is q a composite number?
True
Let y be 246/9 - 2/(-3). Let c be 9/12*42/(-9)*-6. Let g = y - c. Is g a composite number?
False
Let g(b) = 2158*b**3 + b**2 - 7*b + 7. Is g(1) prime?
False
Suppose 0 = -9*z - 13 - 131. Is (-2200)/z + (-3)/(-2) a composite number?
False
Let k(c) = -768*c - 223. Is k(-21) a prime number?
False
Let x(p) be the second derivative of -p**4/12 + 3*p**3/2 - 5*p**2/2 - 5*p. Let n be x(8). Suppose 0 = -4*q + q - 5*f + 145, 